et r be k(0). Determine m(r).
-1
Let b(q) be the first derivative of 0*q**2 - 2*q**2 + 4*q**2 - 3*q**2 - 3 + q. Let y be 4/(-6)*6/(-4). Determine b(y).
-1
Let a(b) be the first derivative of b**4/4 - 14*b - 2. Let t = -13 + 13. Determine a(t).
-14
Suppose -2*i = 4*n - 5*n - 6, 3*n + 9 = 3*i. Let o(v) = -3 + 4 + v + n. Let s = 4 + -3. Calculate o(s).
2
Let n(s) = s + 1. Let j be (-2)/(-1 - -3) + -2. Let c(z) = -z**2 - 5*z - 4. Let i be c(j). Suppose 12 = -i*v - 2*v. Give n(v).
-2
Let n(i) = -i**3 + 9*i**2 - 12*i + 5. Let j(b) = 3*b**3 - 28*b**2 + 36*b - 15. Let h(g) = -4*j(g) - 11*n(g). What is h(12)?
5
Let d(c) = -4 + 4 + 1 - 2*c**2 - c. Let m(t) = 3*t + 7. Let p be m(-2). What is d(p)?
-2
Let i be 28/7*(0 - -2). Let y = 13 - i. Let m(l) = l - 7. Give m(y).
-2
Let z(b) = -3*b + 1. Let m(s) = -s + 3. Let v be m(5). What is z(v)?
7
Let w(x) = 2*x**3 - 4 + 2*x + 8*x**2 - x**3 + 5*x. Let t = 332 + -339. What is w(t)?
-4
Suppose 0 = 2*b - 3*b - 4. Let h(k) = -k**2 - 5*k + 3. Let q be h(-4). Let a(u) = u - u**3 - q*u**2 - 7*u + 2*u**2 - 4. Determine a(b).
4
Suppose c + 4*x = 5*x + 8, 5 = -x. Suppose i = 5*f - 26, -3*i - 18 = -0*f - c*f. Let n(q) = q + 0*q**2 + q**3 + q**2 + 4 - f + q. Give n(-2).
-9
Let l = 59 - 24. Suppose -l + 5 = -5*x + 5*d, 4*x + 4*d + 16 = 0. Let u(b) = 3*b**2 - b + 1. Calculate u(x).
3
Let g(f) = f**2 + f + 5. Let m(b) = -b + 1. Let h be m(1). Suppose -4*q = 3*i + i - 24, -2*i + 3*q + 2 = h. Let a be 2/(-9) + i/18. Determine g(a).
5
Suppose v = -3*w - 9, 6*w = 3*v + 3*w - 33. Let u(a) = -1 + a**2 + v*a + 4 - 5. Let g(n) = -3*n + 4. Let c be g(3). Calculate u(c).
-7
Let h(t) = 7*t - 1. Let s be (-22)/4 + 1/2. Let m(i) = 1 + 4*i + i - 4*i + 5. Let u be m(s). Calculate h(u).
6
Let m(o) = -o**2 - 3*o - 5. Let x be 9/(-12) - 29/4. Let q = x + 4. Determine m(q).
-9
Let i(z) = -2*z - 6. Let u(g) = 29 - 2*g - 5 + 11*g - g. Let m(o) = -9*i(o) - 2*u(o). Calculate m(-5).
-4
Let h(w) = w**3 - 6*w**2 + 8*w - 7. Let q(g) = -7*g - 2. Let y be q(-2). Suppose 4*u = 8 + y. Give h(u).
8
Let z(s) = s - 12. Let v be z(13). Let t(m) = 4*m - 1. What is t(v)?
3
Let b(d) be the first derivative of -d**5/30 + 5*d**4/24 + 2*d**3/3 - d**2 - 3. Let l(n) be the second derivative of b(n). What is l(4)?
-8
Let i be (-2)/3 - 5/(-3). Let n = i - -2. Let t(r) = 3*r**2 - 6*r**2 + 2*r**2 + n - 6*r. Give t(-5).
8
Let i(n) = 9*n + 5. Let b(v) = -v - 1. Let t(j) = -6*b(j) - i(j). Let a be t(1). Let g be (2/a + 2)*2. Let z(p) = p**3 - 4*p**2 + 2*p. Calculate z(g).
-4
Let v(o) = o**2 - 5*o. Let g be v(5). Suppose -3*j - 3 = -g*j. Let n(q) = -7*q + 1. Calculate n(j).
8
Let u = -2 - -8. Suppose -2*t = -4*c - 6, 0 = c + 3*t - u - 3. Let v(b) = -b**2 - b + 7. Determine v(c).
7
Let l(t) = t + 5. Let z be l(-4). Let y(k) = -z + 0*k**2 - k**2 + 1 + k. Determine y(1).
0
Suppose -40 = -6*r - 10. Let g(x) = -x + 1. Give g(r).
-4
Let h(j) = j**3 + 4*j**2 - 3. Suppose r - 11 = 3*s, 3 = s + 2*r + 2. Give h(s).
6
Let s be (-3)/36*-3 - 4/16. Let n(r) = r**2 - r - 21. Calculate n(s).
-21
Let x(k) = -k**2. Let z(a) = a**3 + a**2 - 6*a + 1. Let l(o) = 3*x(o) - z(o). Let y(v) = 22*v - 115. Let h be y(5). Calculate l(h).
-6
Let s(b) = b**3 - 3*b + 3. Let v be (-185)/(-25) - 3/(-5). Let q(c) = c**2 - 9*c + 6. Let x be q(v). Let y be -1 + 3 - (x - -2). Give s(y).
5
Let y(h) = -h**3 + 6*h**2 - h + 4. Suppose 0 = 5*s - 33 + 3. Give y(s).
-2
Let z(c) = c + 1. Suppose 2*j + 6 = 4*n - 2*n, -2*n = -4*j - 6. Let t(f) = n*f + f + 3 + 4. Let g(i) = -t(i) + 6*z(i). Calculate g(-2).
-5
Let v(g) = 10*g**3 - 16*g**2 - 8*g - 9. Let n(q) = 7*q**3 - 11*q**2 - 5*q - 6. Let l(b) = -7*n(b) + 5*v(b). Let s(c) = -c + 12. Let x be s(8). Determine l(x).
-7
Let f(p) = -2*p - 2*p + p**2 + 6 - p. Let k be f(4). Let i(g) = k - 2 - 4 + 3*g. Give i(3).
5
Let b be 3*(-4)/(-6) - -1. Let x(i) = -4*i**3 + 5*i - 7*i**2 + i**3 + 3 + 0*i**2 + 4*i**b. What is x(6)?
-3
Let x(c) = 3*c**2 + 479*c - 481*c + 0*c**2. Calculate x(-2).
16
Let g(t) = t + 1. Suppose -2*m + 2*z + 6 = 2*m, -m = 4*z - 6. Let p(o) = -o**2 + 7*o + 10. Let c(h) = m*g(h) - p(h). What is c(7)?
6
Let b(w) = 3*w - 9*w + 17 - 18 - 12*w. What is b(-1)?
17
Let j(q) = 7*q + 1. Suppose v - 1 = 2. Suppose v*p = -7 + 1. Let m be (p/2)/(0 + 1). Calculate j(m).
-6
Suppose 4*l = -36 + 4. Let y = 13 + l. Let k(m) = m - 4*m + m + 2. Calculate k(y).
-8
Let h(i) be the third derivative of i**4/24 + i**3/6 + i**2. Let s be ((-663)/(-12))/(-17) - (-2)/8. Calculate h(s).
-2
Let v(k) = -7*k**3 + 2*k**2 + k. Suppose -4 = 2*l - 0, 2*f - 4 = 3*l. Give v(f).
8
Let q(x) = -2*x**2 + 2*x + 4. Suppose 30 = -4*g + 18. Calculate q(g).
-20
Let r(n) = n**3 - 4*n**2 + 2*n + 2. Let c = -2 - -3. Let g be (c/(-1))/((-2)/10). Suppose 2*u - 18 = -4*v, -g*u - v + 12 = -2*v. Calculate r(u).
-1
Let m = 6 - 5. Let z(t) be the third derivative of t**8/5040 - t**6/720 - t**5/30 + 2*t**2. Let c(f) be the third derivative of z(f). Calculate c(m).
3
Let x(s) be the third derivative of s**6/720 - s**5/30 - s**4/6 + 5*s**2. Let a(o) be the second derivative of x(o). Calculate a(-4).
-8
Let l be (-1)/1 - (-18 - -2). Let w be 3/l + 38/10. Let u(v) = -v**2 + 5*v. What is u(w)?
4
Let p = -82 + 59. Let m = -17 - p. Let s(x) = x**3 - 5*x**2 - 4*x - 8. Calculate s(m).
4
Let v be ((-2)/(-4))/((-11)/(-110)). Let i = 5 - 0. Let g(o) = -o**2 + i*o + 6*o + 6 - 5*o. Give g(v).
11
Let k(m) = 2*m**2 - 8*m. Let c(y) = -2*y**2 + 8*y + 1. Let f(z) = 5*c(z) + 6*k(z). Give f(5).
15
Let k(n) = -n - 1. Suppose -3*x + 39 = 15. Determine k(x).
-9
Suppose -3*i - 2*l + 58 + 3 = 0, -5*i + 3*l = -89. Suppose 0 = -3*f + 5*v - i, -f = 2*v + v - 17. Let p(h) = 2*h**f + 2*h**2 - 7*h**3 - 3*h**2. Determine p(1).
-6
Let w be (4/(-3))/((-4)/18). Let d(q) be the third derivative of q**6/120 - q**5/12 - q**4/4 + q**3/6 - 10*q**2. Determine d(w).
1
Let h be 15/3*2/5*1. Let t(b) = -2*b**3 + 2*b**2 - b + 2. What is t(h)?
-8
Let s(i) = 3*i - 1. Suppose 4*w = -5*h + 37 - 11, w = 4. Calculate s(h).
5
Let r(m) = 2*m**2 - 2*m - 1. Let l be r(2). Let n(u) = 0*u + 0*u**2 - u - 1 + u**2 + 4*u**2 - u**l. Determine n(5).
-6
Let w(b) be the third derivative of b**5/60 + 5*b**4/24 + 5*b**3/6 + b**2. Let h = 2 - 7. Give w(h).
5
Let o be -2*(-23)/16 + (-4)/(-32). Let q(h) be the first derivative of 1/2*h**2 + 0*h + o. Determine q(2).
2
Let z(f) = 9*f - 4. Let i(k) = -22*k + 9. Let n(a) = 2*i(a) + 5*z(a). Let d(o) = o**3 - o**2 + o - 3. Let s be d(0). Calculate n(s).
-5
Let o be (-9)/(-27) - (-20)/(-6). Let k(r) = 3 + 1 - 1 - r**3 + 1 - 3*r**2 + 4*r. Determine k(o).
-8
Let c(n) = n - 3 - 2 + 0 + 3. Give c(6).
4
Suppose 0 = -4*t + 18 + 6. Let i = 2 - t. Let p = 0 - i. Let j(f) = -f**2 + 6*f - 4. What is j(p)?
4
Let j(c) = 10*c**2 + 10*c + 3*c**2 - 13*c**2 + 3 + c**2. What is j(-8)?
-13
Let p(a) = -2*a**2 + 10 + 2*a**2 - 3*a**2 + 4*a**2 - 9*a. What is p(8)?
2
Let y(v) = -4*v**3 + 5*v**3 - 8 + 17 + 4*v**2 - 8. Calculate y(-4).
1
Let f = -23 + 47. Suppose 2*d + d - f = 0. Suppose -3*q = 4*h - d, -h = -q + 4*q - 11. Let y(g) = -7*g**3 + g**2. Calculate y(h).
8
Suppose 0 = c + 4*c - 165. Let a(f) = c - 4*f**3 - 34 - 2*f**3. What is a(1)?
-7
Let k be (-20)/12 - ((-8)/6)/(-4). Let c(i) be the first derivative of 4*i**2 + 2*i - 1. What is c(k)?
-14
Let o(t) = -t**3 + 3*t**2 - t - 4. Let f(h) = 4*h**3 - 10*h**2 + 4*h + 13. Let s(w) = 2*f(w) + 7*o(w). Calculate s(-2).
-8
Let x(z) be the first derivative of z**6/360 - z**5/40 - z**4/12 + 5*z**3/3 - 2. Let a(m) be the third derivative of x(m). Determine a(5).
8
Let f = -2 + 4. Let r(l) be the second derivative of l**6/60 - l**5/20 + l**4/8 - l**3/3 + l**2 - 2*l. Let p(i) be the first derivative of r(i). Determine p(f).
8
Let w(c) = -c**3 - 3*c**2 + 4*c + 5. Suppose -t = -3*b + 68, -b = -5*t - 48 - 264. Let a be (-2)/8 - t/(-8). Let j be (2 + 1)*a/6. Give w(j).
5
Suppose -4*r - 2*c = -0*c + 24, r - c = -3. Let w = r + 5. Let j(o) = -o - 4. Let v be j(w). Let l(u) = u**3 + 3*u**2 - 6*u - 3. Give l(v).
5
Let s(w) = w**3 + 8*w**2 - 7*w + 13. Let f be s(-9). Let x(r) be the third derivative of -r**4/12 - r**3 - 16*r**2. Calculate x(f).
4
Let u be ((-54)/(-3))/(-2) - -4. Let i(v) = v**3 - 6*v**2 + 5*v - 1. Let f = 1 - 2. Let d(j) = j**3 - j**2 + j + 1. Let y(a) = f*i(a) + 2*d(a). Give y(u).
-7
Let f(v) be the second derivativ